se 4*h - 3*o = 81, -3*o = 3*h - 29 - 16. Suppose -144 + 811 = 16*t - 85. What is the remainder when t is divided by h?
11
Let a(k) = k**2 - 2*k - 65. Calculate the remainder when 44 is divided by a(-8).
14
Suppose -36 + 40 = -2*v. What is the remainder when 141 is divided by (-6 + -5)/(-1*(v + 3))?
9
Let q = 16 - 6. Suppose 5*w - 8 - 17 = 5*b, w = -5*b - 1. Calculate the remainder when q is divided by (-1)/w - 51/(-12).
2
Suppose -2*x + 2*k + 29 = -245, 0 = 5*x - 2*k - 697. What is the remainder when x is divided by 18?
15
Suppose 0 = -2*d + 12 + 20. Suppose 0*v + v = 20. Let m = v + 27. What is the remainder when m is divided by d?
15
Let z = 57 + -53. Suppose -4*d = -z, 0*d + 167 = 5*w + 2*d. What is the remainder when w is divided by 10?
3
Let m(x) = -4*x - 5. Let c be m(-4). Suppose c*r - 4*r - 1064 = 0. What is the remainder when r is divided by 31?
28
Suppose -105*a + 112*a = 98. Calculate the remainder when 145 is divided by a.
5
Suppose 2*t + 12 = -2*b, 5*b + 2*t = -28 + 7. Let x(r) = -9*r. Calculate the remainder when x(-3) is divided by (-31)/b - 2/6.
7
Calculate the remainder when 12 - -1415 - 0/5 is divided by 110.
107
Let q(i) = -4*i**3 - 4*i**2 + 18*i + 42. What is the remainder when 103 is divided by q(-2)?
15
Let z(b) = -11*b + 66. Suppose 4*s - 6*s + 64 = 0. Calculate the remainder when s is divided by z(5).
10
Suppose -9*l + 200 = l. What is the remainder when l is divided by 11?
9
Let x(b) = -4*b**3 - 8*b**2 - 9*b - 22. Let c be x(-6). Calculate the remainder when 30 is divided by (c/(-57))/(2/(-3)).
14
Let a = 23 + -12. Calculate the remainder when 6/((-1784)/128 + 14) is divided by a.
8
Suppose 4*w - 500 + 48 = 0. Suppose -8 + w = 5*a. Calculate the remainder when a is divided by 12.
9
Let j be (-5)/(7/12 + (-2)/6). Let b = 28 + j. Calculate the remainder when b is divided by 6.
2
Let o(b) = b**2 + 9*b. Let n be o(-8). Let l = n + 8. Suppose l = -5*x - 15, 5*p - 64 = x + 24. Calculate the remainder when p is divided by 9.
8
Suppose -7*a - 3*d = -12*a + 907, 0 = 4*a - 2*d - 726. What is the remainder when a is divided by 92?
90
Let w = 406 - 280. Let v = w - 92. Calculate the remainder when 65 is divided by v.
31
Let n = -35 - 5. Let b be 5/(-1)*(-352)/n. What is the remainder when 43 is divided by (b/(2 + 2))/(-1)?
10
Let h(m) = m**2 - 10*m + 13. Let d be h(5). Let b = -7 - -15. What is the remainder when (-4)/d*174/2 is divided by b?
5
Suppose -d + 2*n - 65 = 4*n, 3*d + n = -200. Let s = 16 - d. What is the remainder when s is divided by 7?
6
Let m(i) = -i + 1. Let t be 3*(2/(-6))/1. Let u be m(t). Suppose -z + 21 = 4*c, 4*c + 2*z = u*c + 6. Calculate the remainder when 15 is divided by c.
3
Suppose -14*n + n + 78 = 0. What is the remainder when (-988)/(-28) - 2/7 is divided by n?
5
Suppose -4*k + 2*c + 20 = 0, -4*c + 15 = 3*k - c. Suppose k*h = -3*r - 18, -5*r + 7 + 3 = -5*h. What is the remainder when 19 is divided by (-1 + 12)/(r + 2)?
8
Let i(n) = -11*n + 710. What is the remainder when i(26) is divided by 17?
16
Let c(i) = -i**2 + 6*i - 6. Let u be c(4). Suppose -5*a - y + u*y + 184 = 0, y + 40 = a. What is the remainder when a is divided by 15?
6
Suppose -165*s = -135*s - 390. Calculate the remainder when s is divided by 8.
5
Let o be (0 - (28/8 + -3))*-6. Suppose -2*i = -s + 13, -o*s + 0*i = i - 39. Suppose -3*q + 12 = -9. What is the remainder when s is divided by q?
6
Let p = 201 - 87. What is the remainder when p is divided by 13?
10
Let o = -531 - -596. What is the remainder when 519 is divided by o?
64
Let t = 38 - 25. Suppose -t*k - 14 = -15*k. Calculate the remainder when 31 is divided by k.
3
Let r = 0 + 0. Suppose 3*c = 2*j + 190, -c + r*j - 3*j + 45 = 0. Let t = -1817 + 1848. Calculate the remainder when c is divided by t.
29
Let w(o) = 2*o**2 + 3*o - 3. Let g be w(5). Suppose 2*x = g - 0. Let q = x + 0. What is the remainder when 61 is divided by q?
30
Let r = -12 + 173. Suppose r = 2*b - 3*v, 2*v = 2*b - 4*b + 136. What is the remainder when b is divided by 25?
23
Suppose 0 = -5*z + 63 + 7. Let y = -1441 + 1535. What is the remainder when y is divided by z?
10
Suppose 4*w = -w + 5*n + 305, -301 = -5*w + 3*n. Let a = 98 + -137. Let f = w + a. Calculate the remainder when 58 is divided by f.
18
Suppose 0 = -30*g + 26*g. Suppose 3*m - 8*m + 130 = g. Calculate the remainder when 100 is divided by m.
22
Suppose 0 = -3*h + h + 28. Let d be (15/45)/(1/(-15)). Let u(s) = s**3 + 6*s**2 + 5*s + 4. What is the remainder when h is divided by u(d)?
2
Calculate the remainder when (-1*2)/(((-2)/(-46))/(-1)) is divided by 24.
22
Let n = -1732 + 1749. Calculate the remainder when n is divided by ((-3)/(-2))/(2/4).
2
Suppose 10*w - 2*a - 1020 = 5*w, 5*w = -4*a + 990. What is the remainder when w is divided by 47?
14
Let y = 2 + 23. Let j = y + -23. Suppose 2*c - j*a = 24, c + a = 3*c - 24. What is the remainder when 46 is divided by c?
10
Suppose -f = f. Suppose f*s - 4 = -4*s. Calculate the remainder when 38 is divided by (-2 - 1) + 12 + s.
8
Let p = 5 - 4. Let k(d) = 53*d**2 + 2*d - 1. What is the remainder when k(p) is divided by 35/1 + -3 + -4?
26
Suppose -5*r = l, 3*l = 5*r - 8*r. Suppose 20*c - 580 = -r*c. What is the remainder when c is divided by 20?
9
Let l be 1 + ((-2)/4)/((-1)/2). Suppose -n = 3*r, l*n + 12 = 5*r + 45. Calculate the remainder when 44 is divided by n.
8
Let q(t) = -1. Let d(s) = 24*s + 2. Let f(u) = d(u) + q(u). Let b be f(1). Suppose 103 - b = 2*i. What is the remainder when i is divided by 14?
11
Let z be (918/36)/((-3)/(-8)). Let l = z - 8. What is the remainder when l is divided by 16?
12
Suppose -3*o = -2*o. Suppose o = 3*a - 4*u - 105, -3*u - 137 - 38 = -5*a. What is the remainder when 136 is divided by a?
31
Suppose c + 2*c = 4*w + 7, -4*w - 3*c = 25. Let a(b) = 2*b**2 + 2*b + 6. What is the remainder when 116 is divided by a(w)?
26
Suppose 14 = v - 38. Suppose -4*a = -3*h - 66, -3*a - h + v = -2*h. Calculate the remainder when a is divided by 11.
7
What is the remainder when 82 is divided by 6 + (-210)/36 + (-35)/(-6)?
4
Let y(x) = 3*x**3 - 4*x**2 + 6*x - 10. What is the remainder when y(4) is divided by 24?
22
Suppose -9*o + 840 = -3*o. Suppose l = -5*c + 4*l + o, -l + 36 = c. Calculate the remainder when c is divided by 9.
4
Let c(f) = -f**3 - 10*f**2 + 10*f - 8. Let q be c(-11). Let s be q + ((-42)/1 - 1). Let x = -9 - s. Calculate the remainder when x is divided by 11.
9
Let y(s) = s**3 - 5*s**2 - 6*s + 6. Let j be (17 + -2 + -1)/2. Calculate the remainder when y(j) is divided by 22.
18
Let j(x) = -x**3 - 2*x**2 + 2*x - 14. What is the remainder when j(-5) is divided by 12?
3
Let u be 9/((-9)/10) + 3. Let d = u + 1. Calculate the remainder when (d/(-7))/((-2)/(-98)) is divided by 22.
20
Suppose 0 = -4*c + 20 - 0. Suppose -2*u - c = 3*u. Let f = u + 14. What is the remainder when f is divided by 5?
3
Let d be 2*(-3)/(-9)*3. Let a = -2 + 23. Calculate the remainder when a is divided by (-100)/(-8) - 1/d.
9
Suppose -2*x - 152 = -3*r, 0*r - 2*x - 98 = -2*r. Suppose 0 = 4*g + 3*q - r, 4*q - 5*q = -5*g + 58. What is the remainder when 46 is divided by g?
10
Suppose 0 = -z - 2 + 4. Let g = -36 + 37. What is the remainder when 104/39 + g/3*1 is divided by z?
1
Let g = 1345 + -1342. Let z(a) = a**3 - 2*a**2 - 2*a - 2. What is the remainder when g is divided by z(3)?
0
Let x = -1241 - -1810. Calculate the remainder when x is divided by 10.
9
Let o be (12/30)/(4/1160). Let t = 183 - o. What is the remainder when t is divided by 14?
11
Let s(x) = -x**3 - 3*x**2 + 4*x + 5. Calculate the remainder when 277 is divided by s(-5).
32
Suppose 0*m + 4*m = 12. Suppose d = -c + 30, -d - 94 = -m*c - 0*c. Calculate the remainder when c is divided by 11.
9
Suppose 5*m - v + 153 = 673, 3*m - 5*v = 312. Let t = m + -93. Calculate the remainder when 20 is divided by t.
9
Calculate the remainder when (24/(-10))/(9/(-330)) is divided by 45.
43
Let g be 28/16*(-8)/2. Let j = 12 + g. Let c(t) = 3*t - 9. Calculate the remainder when c(6) is divided by j.
4
Suppose -13*l + 45 = -8*l. Calculate the remainder when 6 is divided by 1*(-6)/l*-3.
0
Suppose -144 = -3*d + 126. What is the remainder when d is divided by (120/(-16) + -4)*(0 - 2)?
21
Let g(b) = -b**3 + 3*b**2 - 4*b + 1. Let s be g(3). Let z = s - -33. Wha